 h = j + 2*j. Let w be 32/272 - (0 - (-3226)/(-34)). Calculate the highest common divisor of j and w.
19
Suppose 5335 = 60*q + 1435. What is the highest common divisor of q and 13?
13
Let c be (-78)/(-65)*70/4. Let s = 7 - 5. Suppose -s*p = -9 - c. What is the greatest common factor of p and 75?
15
Let u = 20 - 7. Let j(d) = 14*d - 2. Let w be j(u). Let v be ((-8)/5)/((-24)/w). What is the greatest common factor of v and 18?
6
Let n = -278 + 318. Calculate the greatest common divisor of 70 and n.
10
Let y(z) = -z**2 - 12*z + 36. Let r be y(-10). Calculate the highest common divisor of 504 and r.
56
Let d = 715 + -512. What is the highest common divisor of 116 and d?
29
Let q be 43/1 - ((-1)/(-1))/1. What is the greatest common factor of 210 and q?
42
Suppose -4*h + 171 = -57. Let a(j) = j**3 - 10*j**2 - 9*j + 16. Let v be a(11). Calculate the highest common factor of h and v.
19
Let n = -34 + 66. Let v = -4 + n. What is the greatest common factor of 14 and v?
14
Let a = 15 - 11. Suppose -d = a*d. Let q be (d + -15)*(0 - 1). What is the highest common divisor of 5 and q?
5
Let x be (-1)/((-1076)/1440*-4 + -3). What is the highest common divisor of 288 and x?
18
Let k be ((220/4)/(-11))/((-5)/7). Let i = -1 + -1. Let q be 3 + 1*i + 13. Calculate the greatest common factor of q and k.
7
Suppose -3*i = -u + 19, -5*u + 37 = -u + i. What is the greatest common factor of u and 135?
5
Let d(v) = -v**3 - 11*v**2 + 21*v + 110. Let b be d(-12). Let l be 4 + (-2 - (-2)/(-2)). Calculate the greatest common factor of l and b.
1
Let x(t) = 2*t + 51. Let d be x(29). Suppose 2*j - 75 = 3*g, 4*j - 2*g = d + 29. What is the greatest common divisor of 88 and j?
11
Suppose 330 = 19*a - 601. Calculate the highest common divisor of a and 21.
7
Suppose 0 = 3*o + 3*b, -2*b + 5 = 9. Let i be o + ((-312)/(-2) - 2). Suppose 2*x - 80 = -4*g + i, 0 = x + 2. What is the greatest common factor of 12 and g?
12
Let l be (-1896)/(-40) + -16 + 6/10. Suppose -9 = -3*u + 3. Calculate the greatest common divisor of u and l.
4
Let f be (-9*(-396)/1458)/(4/18). What is the greatest common factor of f and 352?
11
Suppose h = 5*t - 8, 0*h + 5*t - 16 = -3*h. Suppose -n = h*n - 5*w - 80, 0 = -4*w - 16. Calculate the highest common factor of n and 160.
20
Let g be 210*5*(-8)/(-100). Suppose 0*m - g = -6*m. Calculate the highest common divisor of 70 and m.
14
Suppose 3*z + 3 = 2*z. Let h be (z/6)/((-7)/2 - -3). What is the highest common divisor of 1 and h?
1
Let f(h) = -h**3 + 5*h**2 + 4*h + 6. Let j be f(5). Let q = j - 6. Calculate the highest common factor of q and 5.
5
Let h be (21/10 + (-87)/145)*222. Calculate the highest common divisor of 9 and h.
9
Suppose 6*n + 49 = -n. Let r = -32 - n. Let o = r - -50. Calculate the highest common divisor of 50 and o.
25
Suppose 3 = 5*f - 22. Calculate the greatest common factor of 40 and f.
5
Let b(c) = 8*c**2 - c - 4 + 2*c + 0*c - 5*c**2. Let y be b(-2). What is the highest common factor of 30 and y?
6
Suppose -3*t + 35 = 2*t. Let l = -53 - -130. Calculate the highest common factor of l and t.
7
Let u(c) = -6 + 24 - 13 + 5*c**2 - 12*c. Let m be u(4). Calculate the highest common divisor of 37 and m.
37
Let m = 12 - 12. Suppose -8 = -2*z - m. Suppose z*o = 6*o + 5*t - 43, -t - 25 = -o. What is the highest common factor of 60 and o?
12
Let f = 6 + -1. Let r be (-14 + 39)/((9/(-3))/(-3)). What is the greatest common factor of r and f?
5
Let b = -943 - -1455. Let k = b - 160. Suppose 2*c = 4*c - 64. Calculate the highest common divisor of c and k.
32
Let w be (7 - 8)/(3/(-147)). Calculate the highest common factor of 1 and w.
1
Suppose -15*j + 481 + 464 = 0. Calculate the greatest common factor of j and 7.
7
Let k = 0 + 3. Let x be 12 - (k + 3 + -4). Let t(u) = 6*u + 10. Let y be t(10). What is the highest common factor of x and y?
10
Let a be -5*224/(-20) - -12. Calculate the greatest common divisor of 102 and a.
34
Let v = 274 + -259. Calculate the greatest common divisor of v and 375.
15
Suppose 0 = -2*q + 3*j - 14, 0 = -2*j - 2*j + 8. Let x be -1 + q + (-4 - -27). Let r be (-2 + 3)*x/3. What is the greatest common divisor of 9 and r?
3
Let f(s) = -84*s + 5. Let t be f(-4). Let a = 160 + -129. What is the highest common factor of t and a?
31
Suppose p + 44 = -4*w, 4*w + 6*p + 44 = p. Let b = 29 - w. Suppose r - b = 4*u, -4*r + 96 = u - 132. Calculate the highest common divisor of 8 and r.
8
Suppose 3*g = -10 + 25. Suppose -g*i + 16 = -i. Let k = -2 - -8. Calculate the greatest common factor of i and k.
2
Suppose -44 - 102 = -5*x - 3*o, 202 = 5*x - 4*o. Suppose 3*g - 137 = -4*c + 122, -343 = -4*g - 3*c. Calculate the highest common factor of g and x.
17
Let n = -297 - -310. What is the greatest common divisor of n and 104?
13
Suppose 2*q - 30 = -2*y + 12, -4*q = y - 69. Let p be 280/q - (-1)/(-2). Calculate the highest common factor of 187 and p.
17
Let a = -57 + 69. Suppose 252 = -3*t + a*t. What is the greatest common factor of t and 28?
28
Let a(t) = -97*t + 125. Let b be a(1). What is the highest common factor of b and 644?
28
Suppose 7*m + 5*d - 63 = 4*m, 2*m - 20 = 4*d. What is the greatest common divisor of m and 14?
2
Suppose 32*n = 78*n - 61272. What is the greatest common divisor of 36 and n?
36
Let v be -3 + (27*41 - (1 - -2)). Let j be v/12 + 1/4. Calculate the highest common divisor of j and 23.
23
Let a(r) = -24*r. Let z be a(-1). Suppose -724*b + 336 = -710*b. Calculate the highest common factor of b and z.
24
Suppose q - 3*b = 171 + 38, -q = b - 197. Let i be (4/10)/(2/q). What is the greatest common divisor of i and 10?
10
Suppose 1200 = -3*q + 1320. Let o(z) be the third derivative of z**4/6 + 2*z**2. Let l be o(4). What is the greatest common factor of l and q?
8
Let v(d) = 12 - 2 - 2 + d. Let g be v(8). Calculate the highest common factor of g and 2.
2
Let r(d) = -4*d - 15. Let v be r(-5). Let k(y) = y**3 - 2*y**2 + 8*y + 2. Let m be k(v). What is the greatest common factor of m and 9?
9
Let m = -20 + 28. Let x = -216 - -128. Let j = 176 + x. Calculate the highest common divisor of j and m.
8
Let w be 16/(-56) + 60/14. Suppose 36 = 8*p - w*p. Suppose 3*f = -0*g + 4*g + 85, -2*f + 49 = 5*g. What is the greatest common factor of f and p?
9
Suppose -h = h - 12. Let v be (-66)/(-9) + h/9. Suppose 3*t - v = -t. Calculate the highest common factor of t and 6.
2
Suppose -u = -2*u + 8. Let w be -4*7/(-84) + (-6)/(-9). Calculate the highest common divisor of w and u.
1
Suppose -14*b + 540 = -10*b. Let n be 3*(-6)/b + (-272)/(-15). Calculate the greatest common divisor of 45 and n.
9
Suppose 19 = 7*r - 149. What is the highest common factor of r and 52?
4
Suppose -14*u + 31 = -15*u. Let j = u - -79. What is the highest common factor of 24 and j?
24
Suppose -5*v = -n - 2*n + 110, v = -n - 22. Let b be 14/77 + 796/v. Let x be b/(-20) - 2/(-10). What is the highest common divisor of 1 and x?
1
Suppose -11*d + 12*d = 0. Suppose d = 6*v - 2*v + 36. Let a = v - -19. Calculate the greatest common divisor of 20 and a.
10
Suppose 122 = 6*l - 340. Suppose -22*h + 21*h + 11 = 0. Calculate the highest common divisor of h and l.
11
Let l(p) = 2*p**2 - 12 + 41 - 15 + 34*p - 12. Let k be l(-24). Calculate the highest common factor of 26 and k.
26
Let y(r) = 12*r**2 + 5*r + 2. Let p be y(6). Suppose 3*z - 3*n - 474 = 0, -2*n + 0*n = 3*z - p. Calculate the greatest common divisor of 12 and z.
12
Let g(n) = -5*n**3 - 21*n**2 - 37*n - 2. Let k be g(-2). What is the greatest common factor of k and 36?
4
Let v(d) = -5*d - 27. Let a be v(-9). Let u be (-330)/4*36/(-15). Calculate the greatest common divisor of a and u.
18
Let l(u) = u**2 - 4*u - 13. Suppose -20 = -4*a, 0 = b + a - 10 - 2. Let m be l(b). What is the highest common factor of m and 1?
1
Suppose -21 = -y - g, 2*g + 28 + 6 = 2*y. What is the greatest common divisor of 95 and y?
19
Suppose 0 = 4*k + 4*y - 132, -2*k + 5*y + 2 = -57. Suppose k = 4*m - 0. Suppose g + m = 5*g. What is the highest common divisor of g and 18?
2
Let h be 152/(-1900) - (-9004)/50. Suppose 0*p = 3*q - 3*p - 72, 0 = -p - 4. What is the greatest common divisor of h and q?
20
Let z be (-8 - 78/(-12))/(3/(-8)). Let l = 84 + 106. Suppose -z*a + 98 = -l. Calculate the highest common factor of a and 12.
12
Let k(h) = 8*h**2